 10100111100101 (base 2) to base 5.
320400
Convert -49a (base 14) to base 12.
-648
What is 12a0 (base 14) in base 16?
ccc
Convert 523 (base 10) to base 11.
436
Convert -3310110 (base 4) to base 9.
-23403
What is 37a5 (base 14) in base 11?
7363
Convert -11032 (base 4) to base 13.
-1c9
5430 (base 6) to base 16
4da
Convert -2111 (base 11) to base 4.
-223223
Convert 142001 (base 8) to base 6.
1024145
Convert -100300 (base 4) to base 10.
-1072
-147 (base 10) to base 16
-93
-3321121 (base 4) to base 13
-735a
3646 (base 9) to base 2
101010011011
What is -1101010100001000 (base 2) in base 10?
-54536
-3550 (base 11) to base 13
-216c
Convert 1030134 (base 6) to base 16.
c5aa
6e91 (base 16) to base 2
110111010010001
737 (base 8) to base 14
263
What is -7a48 (base 11) in base 13?
-4a7a
-110320 (base 4) to base 5
-20321
-1331223 (base 5) to base 12
-137b3
What is -34876 (base 9) in base 10?
-23316
-3420 (base 7) to base 11
-a27
542 (base 6) to base 8
316
What is 11756 (base 8) in base 5?
130402
1123022 (base 4) to base 8
13312
Convert -4132020 (base 5) to base 4.
-100202300
101100221 (base 3) to base 16
1d86
What is -2962 (base 15) in base 10?
-8867
What is 233020 (base 7) in base 8?
121604
What is 1011001110 (base 2) in base 11?
5a3
Convert -1000000101 (base 2) to base 8.
-1005
5298 (base 16) to base 7
115434
What is 3411 (base 10) in base 15?
1026
Convert 708e (base 16) to base 11.
1a715
What is 10222333 (base 4) in base 6?
224331
-222342 (base 6) to base 12
-a9b2
Convert 43220 (base 9) to base 8.
67703
-26556 (base 10) to base 13
-c11a
What is -2443 (base 9) in base 7?
-5211
Convert 6066 (base 15) to base 8.
47572
425 (base 10) to base 5
3200
-1011011 (base 2) to base 13
-70
-1110001110 (base 2) to base 14
-490
Convert -127632 (base 8) to base 10.
-44954
What is -121011 (base 7) in base 4?
-11113020
What is 27e6 (base 15) in base 13?
3b70
What is -10354 (base 7) in base 13?
-1240
1001111001 (base 2) to base 16
279
Convert 226 (base 16) to base 8.
1046
What is -762 (base 12) in base 6?
-5002
Convert 221442 (base 5) to base 15.
2467
What is -3847 (base 10) in base 4?
-330013
Convert 218 (base 10) to base 4.
3122
Convert 7959 (base 14) to base 4.
11020323
What is -16160 (base 10) in base 13?
-7481
Convert 1590 (base 13) to base 15.
e09
Convert 10110010100 (base 2) to base 6.
10340
Convert -774 (base 10) to base 7.
-2154
Convert -132113 (base 6) to base 13.
-56ac
What is 16cb (base 14) in base 6?
30551
What is 1136 (base 11) in base 9?
2036
What is 673 (base 10) in base 6?
3041
What is -2104 (base 6) in base 15?
-217
-3160 (base 8) to base 6
-11344
Convert 29a2 (base 13) to base 8.
13637
What is 621a (base 16) in base 3?
1021110011
What is -26a4 (base 11) in base 15?
-1087
111011011000011 (base 2) to base 9
45631
What is 3939 (base 10) in base 3?
12101220
Convert -8bd (base 15) to base 8.
-3672
Convert -546 (base 7) to base 8.
-427
-2934 (base 10) to base 9
-4020
What is -20703 (base 8) in base 15?
-2863
What is -221 (base 6) in base 7?
-151
1786 (base 9) to base 14
702
Convert -1444430 (base 5) to base 12.
-160b4
What is -1101110010001 (base 2) in base 4?
-1232101
Convert 1322 (base 10) to base 11.
aa2
What is -2533 (base 7) in base 13?
-586
Convert -177 (base 13) to base 5.
-2032
Convert -4630 (base 9) to base 10.
-3429
Convert -1512 (base 9) to base 12.
-7b5
Convert -1102111 (base 3) to base 13.
-61c
842 (base 11) to base 3
1101120
-436 (base 11) to base 4
-20023
-35 (base 11) to base 4
-212
What is 35215 (base 9) in base 8?
55720
What is -1253 (base 8) in base 14?
-36b
What is -1999 (base 10) in base 6?
-13131
Convert 354 (base 15) to base 12.
52a
Convert 3ef (base 16) to base 6.
4355
Convert 6b9 (base 14) to base 12.
937
Convert -201212 (base 3) to base 2.
-1000011000
1010011101011 (base 2) to base 5
132410
What is 40536 (base 7) in base 9?
14483
Convert -3569 (base 11) to base 5.
-122143
265c (base 13) to base 5
133420
-10c (base 13) to base 5
-1211
What is -320 (base 6) in base 15?
-80
What is 1000000111101111 (base 2) in base 14?
c19d
What is 1001100011 (base 2) in base 13?
380
What is 1145 (base 12) in base 10?
1925
474 (base 12) to base 7
1636
What is -2988 (base 15) in base 14?
-335d
Convert -1133403 (base 5) to base 15.
-63bd
What is -1254 (base 9) in base 6?
-4204
Convert -c5a0 (base 13) to base 2.
-110101011001011
1212022 (base 3) to base 5
20413
-467 (base 9) to base 6
-1441
Convert -8337 (base 9) to base 7.
-23545
What is -32bc (base 14) in base 2?
-10001001010110
Convert 498 (base 14) to base 7.
2451
Convert 30323 (base 5) to base 8.
3653
What is -26331 (base 9) in base 2?
-100010101100111
What is -276 (base 11) in base 9?
-401
What is 53a (base 16) in base 13?
7bc
Convert 1043111 (base 5) to base 6.
221443
Convert -749c (base 14) to base 9.
-30546
Convert 21492 (base 12) to base 4.
22231232
Convert 100111001101 (base 2) to base 11.
1981
Convert -11111011110 (base 2) to base 10.
-2014
Convert -4367 (base 10) to base 6.
-32115
What is 313322 (base 4) in base 16?
dfa
Convert -211011 (base 5) to base 4.
-1231132
-574 (base 9) to base 16
-1d8
Convert -2b7 (base 14) to base 16.
-229
-540 (base 12) to base 9
-1043
What is -944a (base 11) in base 4?
-3003211
What is 101203 (base 4) in base 10?
1123
Convert a6c1 (base 13) to base 5.
1220031
What is -4ae7 (base 15) in base 12?
-92a7
What is 1543 (base 6) in base 15?
1d3
What is 4107 (base 12) in base 5?
211223
-5610 (base 8) to base 10
-2952
112514 (base 9) to base 3
10102120111
Convert -9c (base 15) to base 14.
-a7
Convert -8fb (base 16) to base 12.
-13b7
691 (base 10) to base 9
847
-21a4 (base 12) to base 4
-322030
Convert 4543 (base 14) to base 11.
9033
141 (base 11) to base 12
11a
Convert -126 (base 13) to base 10.
-201
What is 2134 (base 11) in base 5?
42240
-111110000000 (base 2) to base 11
-2a88
-13084 (base 9) to base 7
-34504
What is 497 (base 14) in base 15?
412
Convert -1864 (base 14) to base 3.
-20000222
15c8b (base 15) to base 4
101022323
What is 7271 (base 11) in base 12?
56b1
-195 (base 15) to base 11
-302
Convert 111b (base 13) to base 16.
956
What is -100100100000100 (base 2) in base 3?
-221122022
Convert -2f82 (base 16) to base 2.
-10111110000010
What is 12156 (base 8) in base 9?
7151
-1748 (base 11) to base 5
-32410
-8730 (base 10) to base 4
-2020122
-154e (base 15) to base 6
-33102
Convert -2201010021 (base 3) to base 8.
-150071
Convert -2242 (base 8) to base 3.
-1121221
What is -19251 (base 10) in base 13?
-89bb
-363 (base 12) to base 14
-283
What is -353a (base 12) in base 3?
-22011101
What is 4 (base 12) in base 6?
4
Convert 223 (base 6) to base 12.
73
What is -20310 (base 5) in base 16?
-532
-757 (base 9) to base 6
-2511
Convert -11000110101 (base 2) to base 14.
-817
Convert -10101201 (base 3) to base 2.
-100110101100
Convert -1348 (base 13) to base 11.
-2093
-10203 (base 4) to base 3
-101210
Convert -12 (base 9) to base 5.
-21
Convert -2036 (base 12) to base 7.
-13125
Convert 2d89 (base 14) to base 9.
12163
33321 (base 6) to base 12
2841
-46a3 (base 13) to base 11
-7512
Convert 2b063 (base 12) to base 6.
1144203
-1333201 (base 4) to base 8
-17741
What is 7622 (base 9) in base 13?
2726
-23350 (base 6) to base 9
-4563
Convert 120232 (base 4) to base 12.
aba
24755 (base 8) to base 3
112201112
Convert 11112111 (base 3) to base 4.
303223
What is 4910 (base 12) in base 7?
32652
-4b (base 14) to base 7
-124
-95 (base 13) to base 9
-145
Convert -282 (base 9) to base 14.
-12c
-412 (base 8) to base 11
-222
Convert 248 (base 9) to base 13.
12b
Convert 232044 (base 6) to base 11.
13a51
-444 (base 5) to base 15
-84
Convert 5a63 (base 14) to base 6.
200555
What is -1111011001 (base 2) in base 16?
-3d9
-1717 (base 9) to base 4
-110200
Convert -17d (base 15) to base 6.
-1331
What is -22233 (base 5) in base 10?
-1568
-14353 (base 6) to base 7
-6465
What is 11705 (base 10) in base 12?
6935
212220012 (base 3) to base 9
25805
Convert 4002 (base 7) to base 15.
619
Convert -11431 (base 14) to base 16.
-a403
-9012 (base 11) to base 3
-121110011
-120 (base 14) to base 6
-1012
-301363 (base 7) to base 15
-10171
Convert 164 (base 8) to base 7.
224
What is 4 (base 5) in base 8?
4
-24143 (base 9) to base 3
-211011110
-60 (base 10) to base 2
-111100
Convert -610b (base 14) to base 13.
-7785
40850 (